{"id":1641,"date":"2021-10-13T16:10:40","date_gmt":"2021-10-13T16:10:40","guid":{"rendered":"https:\/\/xn--remise-allgu-qcb.de\/?page_id=1641"},"modified":"2025-08-22T09:13:29","modified_gmt":"2025-08-22T09:13:29","slug":"hausordnung","status":"publish","type":"page","link":"https:\/\/www.remise-allgaeu.de\/index.php\/hausordnung\/","title":{"rendered":"Hausordnung"},"content":{"rendered":"\n<h1>Remise<\/h1>\n\n\n\n<p><strong>Hausordnung Remise Allg\u00e4u Staufner Strasse 1 88179 Oberreute<\/strong><\/p>\n\n\n\n<p>Liebe G\u00e4ste, herzlich willkommen in unserer Remise!<\/p>\n\n\n\n<p>Damit alle G\u00e4ste eine angenehme Wohnung vorfinden, bitten wir Sie, die folgende Hausordnung einzuhalten. Mit der Buchung bzw. dem Einzug in unsere Wohnung gehen wir davon aus, dass Sie die Hausordnung akzeptieren.<\/p>\n\n\n\n<p><strong>Allgemein<\/strong><\/p>\n\n\n\n<p>Sollten Sie etwas an der Einrichtung oder dem Inventar vermissen, oder Sie brauchen Hilfe, informieren Sie uns bitte umgehend.<\/p>\n\n\n\n<p><strong>An- und Abreise<\/strong><\/p>\n\n\n\n<p>An- u. Abreisetag gelten als ein Kalendertag. Die Wohnung ist am Anreisetag ab 16:00 bezugsfrei (fr\u00fchere Zeiten auf Anfrage). Bitte teilen Sie uns Ihre voraussichtliche Ankunftszeit unbedingt einige Tage vor der Anreise mit.<br>Die Wohnung ist am Abreisetag bis 10:00 Uhr besenrein frei zu machen (sp\u00e4tere Zeit auf Anfrage).<\/p>\n\n\n\n<p>Die Schl\u00fcssel\u00fcbergabe erfolgt nach individueller Absprache. <\/p>\n\n\n\n<p>Partys oder Veranstaltungen d\u00fcrfen nicht stattfinden.  <\/p>\n\n\n\n<p><strong>Parkm\u00f6glichkeiten<\/strong><\/p>\n\n\n\n<p><br>Es kann direkt vor der Ferienwohnung\/dem Ferienhaus geparkt werden, weitere \u00f6ffentliche Stellfl\u00e4chen befinden sich in unmittelbarer N\u00e4he. Soweit Ihnen ein Stellplatz zur Verf\u00fcgung gestellt wird, kommt dadurch kein<br>Verwahrungsvertrag zustande. Bei Abhandenkommen oder Besch\u00e4digung auf dem Grundst\u00fcck abgestellter oder rangierter Kraftfahrzeuge und deren Inhalte haftet der Vermieter nicht, au\u00dfer bei Vorsatz oder grober Fahrl\u00e4ssigkeit.<\/p>\n\n\n\n<p><strong>Hausrecht<\/strong><\/p>\n\n\n\n<p><br>Bei sofort notwendigen Reparaturen kann es unerl\u00e4sslich sein, dass der Vermieter die Ferienwohnung ohne Wissen des Gastes betreten muss. <\/p>\n\n\n\n<p><strong>Internet\/WLAN<\/strong><\/p>\n\n\n\n<p><br>In der Ferienwohnung\/im Ferienhaus ist ein kabelloser Internetanschluss (WLAN)  vorhanden. Der Zugangs-Code ist in der Mappe in der Remise zu finden. Die Nutzung des Internets mit Ihrem eigenen WLAN-f\u00e4higen Endger\u00e4t (Notebook, PDA, Smartphone etc.) \u00fcber den WLAN-Anschluss ist f\u00fcr den Mieter kostenlos. Sie nutzen das Internet auf eigene Gefahr, der Vermieter schlie\u00dft jede Haftung im Zusammenhang mit der Internetnutzung des Mieters aus. F\u00fcr die Nutzung des Internetzugangs \u00fcber WLAN sind zus\u00e4tzlich die WLAN Nutzungsregeln zu ber\u00fccksichtigen. Bitte haben Sie aber Verst\u00e4ndnis daf\u00fcr, dass wir uns gegen Missbrauch mit einer Unterschrift ihrerseits absichern (m\u00fcssen).<\/p>\n\n\n\n<p><strong>Nichtraucherwohnung<\/strong><\/p>\n\n\n\n<p>Das Rauchen ist in der Remise nicht erlaubt, daf\u00fcr kann man gerne auf die Terrasse vor der Wohnung gehen.<\/p>\n\n\n\n<p><strong>Schl\u00fcssel<\/strong><\/p>\n\n\n\n<p>Bitte geben Sie Ihre Schl\u00fcssel nicht an Au\u00dfenstehende. Bei Verlust der Schl\u00fcssel haftet der Mieter bis zur H\u00f6he der Wiederbeschaffungskosten.<\/p>\n\n\n\n<p><strong>Kamin:<\/strong><\/p>\n\n\n\n<p>In der k\u00fchleren Jahreszeit kann man es sich vor dem Kaminofen&nbsp;gem\u00fctlich machen . Holz&nbsp;bitte&nbsp;selbst mitbringen.&nbsp;<\/p>\n\n\n\n<p><strong>Reinigung<\/strong><\/p>\n\n\n\n<p>\u2022 Den K\u00fchlschrank bitte vor der Abreise leeren, aber nicht abschalten.<br>\u2022 Bitte beachten Sie, dass das Geschirr nur in sauberem Zustand wieder in die Schr\u00e4nke einger\u00e4umt wird, gleiches gilt auch f\u00fcr Besteck, T\u00f6pfe und Ger\u00e4te (Kaffeemaschine, Toaster, Wasserkocher, Grill etc. )<br>\u2022 In Sp\u00fclbecken, Waschbecken, Dusche, WC keine Abf\u00e4lle, Essenreste, Kaffeesatz, Hygieneartikel, Fette oder sonstige gef\u00e4hrliche Fl\u00fcssigkeiten werfen bzw. sch\u00fctten, da es sonst zu unangenehmen Verstopfungen kommen kann.<br>\u2022 Die Wohnung bitte nicht mit Bergschuhen und Gummistiefel betreten. Diese k\u00f6nnen im Eingang oder bei dem Vorraum gleich neben der Haust\u00fcre ausgezogen und dort abgestellt werden. Mit sauberen und trockenen Stra\u00dfenschuhen k\u00f6nnen sie gerne in die Remise gehen.<\/p>\n\n\n\n<p><strong>Haustiere<\/strong><\/p>\n\n\n\n<p>Nach vorheriger Absprache ist das Mitbringen von Hunden erlaubt. Daf\u00fcr wird eine Geb\u00fchr von 3,50 pro Hund und Tag f\u00e4llig. Bitte achten Sie darauf, dass Ihr Hund nicht aufs Sofa oder auf die Betten springt und nur sauber das Haus betritt, da es auch Menschen gibt, die Allergien gegen Tiere haben. Wir haben f\u00fcr die Couch einen \u00dcberzug und kann bei Bedarf bereit gestellt werden.<\/p>\n\n\n\n<p>Bitte leinen Sie Ihren Hund im Dorf immer an und entsorgen Sie die H\u00e4ufchen, da sich ansonsten die Nachbarn bei uns beschweren. <\/p>\n\n\n\n<p><\/p>\n\n\n\n<p><strong>Haftung<\/strong><\/p>\n\n\n\n<p>F\u00fcr mitgebrachte Wertgegenst\u00e4nde und Unf\u00e4lle \u00fcbernehmen wir keine Haftung.<\/p>\n\n\n\n<p><strong>Ruhezeiten<\/strong><\/p>\n\n\n\n<p><br>Im Sinne einer guten Nachbarschaft bitten wir Sie, die \u00f6ffentlichen Ruhezeiten wie<br>Mittag-, Nacht- und Sonntagsruhe einzuhalten.<\/p>\n\n\n\n<p><strong>Sorgfaltspflicht<\/strong><\/p>\n\n\n\n<p>Der Mieter hat das Mietobjekt pfleglich zu behandeln und daf\u00fcr Sorge zu tragen, dass auch seine Mitreisenden die Mietbedingungen einhalten.<br>Niemand besch\u00e4digt absichtlich Sachen, es kann jedoch jedem einmal passieren, dass etwas kaputt geht. Bitte teilen Sie uns den entstandenen Schaden unverz\u00fcglich mit, damit wir diesen nicht erst nach Ihrer Abreise bei der Endreinigung feststellen. Der Mieter haftet f\u00fcr Besch\u00e4digungen in der H\u00f6he der Wiederanschaffungskosten.<\/p>\n\n\n\n<p><strong>Beim Verlassen der Wohnung<\/strong><\/p>\n\n\n\n<p>Die Fenster immer schlie\u00dfen, um Sch\u00e4den, die durch Unwetter entstehen k\u00f6nnen, zu vermeiden.<br><br>Bitte den K\u00fchlschrank \u2013 auch wenn er leer ist \u2013 eingeschaltet lassen.<\/p>\n\n\n\n<p>Kamin bitte schlie\u00dfen.<\/p>\n\n\n\n<p><strong>M\u00fcll<\/strong><\/p>\n\n\n\n<p>Wir bitten Sie, den M\u00fcll getrennt zu entsorgen:<br>Restm\u00fcll, wie auch Plastik. <br><br>Glas- Papier\/Pappe bitte bei dem Werkstoffhof Oberreute bei der Feuerwache\/Sportplatz entsorgen.<\/p>\n\n\n\n<p><strong>Wir w\u00fcnschen Ihnen einen angenehmen Aufenthalt, viel Spa\u00df, Entspannung und gute Erholung.<\/strong><\/p>\n","protected":false},"excerpt":{"rendered":"<p>Remise Hausordnung Remise Allg\u00e4u Staufner Strasse 1 88179 Oberreute Liebe G\u00e4ste, herzlich willkommen in unserer Remise! Damit alle G\u00e4ste eine angenehme Wohnung vorfinden, bitten wir Sie, die folgende Hausordnung einzuhalten. &#8230;<\/p>\n","protected":false},"author":2,"featured_media":0,"parent":0,"menu_order":0,"comment_status":"closed","ping_status":"closed","template":"","meta":[],"yoast_head":"<!-- This site is optimized with the Yoast SEO plugin v20.4 - https:\/\/yoast.com\/wordpress\/plugins\/seo\/ -->\n<title>Hausordnung - REMISE Allg\u00e4u<\/title>\n<meta name=\"robots\" content=\"index, follow, max-snippet:-1, max-image-preview:large, max-video-preview:-1\" \/>\n<link rel=\"canonical\" href=\"https:\/\/www.remise-allgaeu.de\/index.php\/hausordnung\/\" \/>\n<meta property=\"og:locale\" content=\"de_DE\" \/>\n<meta property=\"og:type\" content=\"article\" \/>\n<meta property=\"og:title\" content=\"Hausordnung - REMISE Allg\u00e4u\" \/>\n<meta property=\"og:description\" content=\"Remise Hausordnung Remise Allg\u00e4u Staufner Strasse 1 88179 Oberreute Liebe G\u00e4ste, herzlich willkommen in unserer Remise! Damit alle G\u00e4ste eine angenehme Wohnung vorfinden, bitten wir Sie, die folgende Hausordnung einzuhalten. ...\" \/>\n<meta property=\"og:url\" content=\"https:\/\/www.remise-allgaeu.de\/index.php\/hausordnung\/\" \/>\n<meta property=\"og:site_name\" content=\"REMISE Allg\u00e4u\" \/>\n<meta property=\"article:modified_time\" content=\"2025-08-22T09:13:29+00:00\" \/>\n<meta name=\"twitter:card\" content=\"summary_large_image\" \/>\n<meta name=\"twitter:label1\" content=\"Gesch\u00e4tzte Lesezeit\" \/>\n\t<meta name=\"twitter:data1\" content=\"4\u00a0Minuten\" \/>\n<script type=\"application\/ld+json\" class=\"yoast-schema-graph\">{\"@context\":\"https:\/\/schema.org\",\"@graph\":[{\"@type\":\"WebPage\",\"@id\":\"https:\/\/www.remise-allgaeu.de\/index.php\/hausordnung\/\",\"url\":\"https:\/\/www.remise-allgaeu.de\/index.php\/hausordnung\/\",\"name\":\"Hausordnung - REMISE Allg\u00e4u\",\"isPartOf\":{\"@id\":\"https:\/\/www.remise-allgaeu.de\/#website\"},\"datePublished\":\"2021-10-13T16:10:40+00:00\",\"dateModified\":\"2025-08-22T09:13:29+00:00\",\"breadcrumb\":{\"@id\":\"https:\/\/www.remise-allgaeu.de\/index.php\/hausordnung\/#breadcrumb\"},\"inLanguage\":\"de\",\"potentialAction\":[{\"@type\":\"ReadAction\",\"target\":[\"https:\/\/www.remise-allgaeu.de\/index.php\/hausordnung\/\"]}]},{\"@type\":\"BreadcrumbList\",\"@id\":\"https:\/\/www.remise-allgaeu.de\/index.php\/hausordnung\/#breadcrumb\",\"itemListElement\":[{\"@type\":\"ListItem\",\"position\":1,\"name\":\"Home\",\"item\":\"https:\/\/www.remise-allgaeu.de\/\"},{\"@type\":\"ListItem\",\"position\":2,\"name\":\"Hausordnung\"}]},{\"@type\":\"WebSite\",\"@id\":\"https:\/\/www.remise-allgaeu.de\/#website\",\"url\":\"https:\/\/www.remise-allgaeu.de\/\",\"name\":\"REMISE Allg\u00e4u\",\"description\":\"LIEBLINGSQUARTIER WOHNLOFT ALLG\u00c4U WOHNEN STATT WERKEN\",\"publisher\":{\"@id\":\"https:\/\/www.remise-allgaeu.de\/#organization\"},\"potentialAction\":[{\"@type\":\"SearchAction\",\"target\":{\"@type\":\"EntryPoint\",\"urlTemplate\":\"https:\/\/www.remise-allgaeu.de\/?s={search_term_string}\"},\"query-input\":\"required name=search_term_string\"}],\"inLanguage\":\"de\"},{\"@type\":\"Organization\",\"@id\":\"https:\/\/www.remise-allgaeu.de\/#organization\",\"name\":\"Remise Loft Allg\u00e4u\",\"url\":\"https:\/\/www.remise-allgaeu.de\/\",\"logo\":{\"@type\":\"ImageObject\",\"inLanguage\":\"de\",\"@id\":\"https:\/\/www.remise-allgaeu.de\/#\/schema\/logo\/image\/\",\"url\":\"https:\/\/www.remise-allgaeu.de\/wp-content\/uploads\/2021\/10\/cropped-cropped-remise_logo_01.jpg\",\"contentUrl\":\"https:\/\/www.remise-allgaeu.de\/wp-content\/uploads\/2021\/10\/cropped-cropped-remise_logo_01.jpg\",\"width\":86,\"height\":69,\"caption\":\"Remise Loft Allg\u00e4u\"},\"image\":{\"@id\":\"https:\/\/www.remise-allgaeu.de\/#\/schema\/logo\/image\/\"},\"sameAs\":[\"https:\/\/www.instagram.com\/remiseallgaeu\"]}]}<\/script>\n<!-- \/ Yoast SEO plugin. -->","yoast_head_json":{"title":"Hausordnung - REMISE Allg\u00e4u","robots":{"index":"index","follow":"follow","max-snippet":"max-snippet:-1","max-image-preview":"max-image-preview:large","max-video-preview":"max-video-preview:-1"},"canonical":"https:\/\/www.remise-allgaeu.de\/index.php\/hausordnung\/","og_locale":"de_DE","og_type":"article","og_title":"Hausordnung - REMISE Allg\u00e4u","og_description":"Remise Hausordnung Remise Allg\u00e4u Staufner Strasse 1 88179 Oberreute Liebe G\u00e4ste, herzlich willkommen in unserer Remise! Damit alle G\u00e4ste eine angenehme Wohnung vorfinden, bitten wir Sie, die folgende Hausordnung einzuhalten. ...","og_url":"https:\/\/www.remise-allgaeu.de\/index.php\/hausordnung\/","og_site_name":"REMISE Allg\u00e4u","article_modified_time":"2025-08-22T09:13:29+00:00","twitter_card":"summary_large_image","twitter_misc":{"Gesch\u00e4tzte Lesezeit":"4\u00a0Minuten"},"schema":{"@context":"https:\/\/schema.org","@graph":[{"@type":"WebPage","@id":"https:\/\/www.remise-allgaeu.de\/index.php\/hausordnung\/","url":"https:\/\/www.remise-allgaeu.de\/index.php\/hausordnung\/","name":"Hausordnung - REMISE Allg\u00e4u","isPartOf":{"@id":"https:\/\/www.remise-allgaeu.de\/#website"},"datePublished":"2021-10-13T16:10:40+00:00","dateModified":"2025-08-22T09:13:29+00:00","breadcrumb":{"@id":"https:\/\/www.remise-allgaeu.de\/index.php\/hausordnung\/#breadcrumb"},"inLanguage":"de","potentialAction":[{"@type":"ReadAction","target":["https:\/\/www.remise-allgaeu.de\/index.php\/hausordnung\/"]}]},{"@type":"BreadcrumbList","@id":"https:\/\/www.remise-allgaeu.de\/index.php\/hausordnung\/#breadcrumb","itemListElement":[{"@type":"ListItem","position":1,"name":"Home","item":"https:\/\/www.remise-allgaeu.de\/"},{"@type":"ListItem","position":2,"name":"Hausordnung"}]},{"@type":"WebSite","@id":"https:\/\/www.remise-allgaeu.de\/#website","url":"https:\/\/www.remise-allgaeu.de\/","name":"REMISE Allg\u00e4u","description":"LIEBLINGSQUARTIER WOHNLOFT ALLG\u00c4U WOHNEN STATT WERKEN","publisher":{"@id":"https:\/\/www.remise-allgaeu.de\/#organization"},"potentialAction":[{"@type":"SearchAction","target":{"@type":"EntryPoint","urlTemplate":"https:\/\/www.remise-allgaeu.de\/?s={search_term_string}"},"query-input":"required name=search_term_string"}],"inLanguage":"de"},{"@type":"Organization","@id":"https:\/\/www.remise-allgaeu.de\/#organization","name":"Remise Loft Allg\u00e4u","url":"https:\/\/www.remise-allgaeu.de\/","logo":{"@type":"ImageObject","inLanguage":"de","@id":"https:\/\/www.remise-allgaeu.de\/#\/schema\/logo\/image\/","url":"https:\/\/www.remise-allgaeu.de\/wp-content\/uploads\/2021\/10\/cropped-cropped-remise_logo_01.jpg","contentUrl":"https:\/\/www.remise-allgaeu.de\/wp-content\/uploads\/2021\/10\/cropped-cropped-remise_logo_01.jpg","width":86,"height":69,"caption":"Remise Loft Allg\u00e4u"},"image":{"@id":"https:\/\/www.remise-allgaeu.de\/#\/schema\/logo\/image\/"},"sameAs":["https:\/\/www.instagram.com\/remiseallgaeu"]}]}},"_links":{"self":[{"href":"https:\/\/www.remise-allgaeu.de\/index.php\/wp-json\/wp\/v2\/pages\/1641"}],"collection":[{"href":"https:\/\/www.remise-allgaeu.de\/index.php\/wp-json\/wp\/v2\/pages"}],"about":[{"href":"https:\/\/www.remise-allgaeu.de\/index.php\/wp-json\/wp\/v2\/types\/page"}],"author":[{"embeddable":true,"href":"https:\/\/www.remise-allgaeu.de\/index.php\/wp-json\/wp\/v2\/users\/2"}],"replies":[{"embeddable":true,"href":"https:\/\/www.remise-allgaeu.de\/index.php\/wp-json\/wp\/v2\/comments?post=1641"}],"version-history":[{"count":9,"href":"https:\/\/www.remise-allgaeu.de\/index.php\/wp-json\/wp\/v2\/pages\/1641\/revisions"}],"predecessor-version":[{"id":2226,"href":"https:\/\/www.remise-allgaeu.de\/index.php\/wp-json\/wp\/v2\/pages\/1641\/revisions\/2226"}],"wp:attachment":[{"href":"https:\/\/www.remise-allgaeu.de\/index.php\/wp-json\/wp\/v2\/media?parent=1641"}],"curies":[{"name":"wp","href":"https:\/\/api.w.org\/{rel}","templated":true}]}}